
Let g(d) = d**3 + 5*d**2 + 2*d. List the prime factors of g(4).
2, 19
What are the prime factors of -3 - -1*(-2 - -33)?
2, 7
Let u be 16/72 + 34/9. Let q(g) = 2*g**2 - g - 5. List the prime factors of q(u).
23
Let z be (-14)/(-4)*24/14. Suppose 2*k - 28 = -5*n, k - 13 = -z*n + 3*n. List the prime factors of k.
19
Let m(o) = -9*o + 10. What are the prime factors of m(-5)?
5, 11
Let w(o) = 3*o. Let v be (-1 + 2)/((-2)/(-6)). Let m be -1*(v - -1)*-1. List the prime factors of w(m).
2, 3
Suppose 4*w - 24 = -2*a, 4*w + 36 = 5*a + 2*w. What are the prime factors of a?
2
Let x(i) = i - 2*i + 11 + 1. What are the prime factors of x(5)?
7
Suppose 2*b + 2*b - 1300 = -3*u, 0 = b + 3*u - 334. List the prime factors of b.
2, 7, 23
Suppose 0 = 4*a + 4*d, -3 = 5*a + d - 11. Suppose 15 = a*q + q. What are the prime factors of q?
5
Let t = 4 - -28. What are the prime factors of t?
2
Let v(f) = -14*f + 1. Let m be v(-4). Suppose m = 3*r + 12. Let t = r + -5. What are the prime factors of t?
2, 5
Suppose 42 = -4*s - 26. Let w be (0 - -2)/((-2)/(-28)). Let c = w + s. What are the prime factors of c?
11
Let m(d) = -2*d**3 + 5*d**2 + 1. Let k(r) = 2*r**3 - 4*r**2 - r. Let u(w) = -4*k(w) - 3*m(w). Let y be u(2). Let c = y + 12. List the prime factors of c.
5
Suppose -z + 19 - 4 = 0. Suppose 3*r - z = 0, -3*u + 4*r - 43 = -4*u. What are the prime factors of u?
23
Suppose 16 = -0*a + a + 4*x, 0 = -5*a + 5*x - 20. Let m be (3 - 1)*(-5 - -12). Suppose a = -t + m - 6. What are the prime factors of t?
2
Let i(x) = -x**2 + 5*x + 8. Let r be i(6). Let a = 11 + -9. Suppose -r*l = -4*g + 18, -5*g - a*l + 26 = -l. List the prime factors of g.
5
Suppose -7*v + 6*v - 6 = 0. Let w = v + 8. List the prime factors of 0 + (11 - (w - 1)).
2, 5
Let i = 226 + -77. What are the prime factors of i?
149
List the prime factors of 3*(-10)/135 + (-47)/(-9).
5
Let w(y) = -y + 2*y**2 + 0*y + y**2. Suppose p = 2*q - 3, -4 = -4*q + 3*q + p. List the prime factors of w(q).
2
Let u(d) = d**2 + 9*d + 8. Let c(x) = -6*x. Let s be c(1). Let t be u(s). What are the prime factors of (-36)/15*t/3?
2
Let t be 0 + (0 + 1 - 3). What are the prime factors of (-8)/(-20)*(-70)/t?
2, 7
Suppose -d = 2*u - 2*d - 240, -d - 603 = -5*u. List the prime factors of u.
11
Suppose 0 = 3*j - 9 - 0. Suppose r = -6*s + 3*s + 5, j*r - 71 = 5*s. List the prime factors of r.
17
Let q(s) = -4 - 3*s - 14 + 0. What are the prime factors of q(-12)?
2, 3
Suppose 3*f = -2*f + 50. Let s = f - 7. Suppose 5*h + 7 = t, s*h - 12 + 47 = 2*t. What are the prime factors of t?
2, 11
Suppose -5*x - 3*o - 2*o - 15 = 0, 3*o + 12 = 0. Suppose 3 = -2*w + x, p = -2*w. List the prime factors of p.
2
Let n(d) = -3 - 2*d**2 - 3 + 3*d**2 + d. Let z be n(0). List the prime factors of (z/5)/((-3)/10).
2
Let l = 2 - 3. Let b be (-7 - l - -1)*-2. What are the prime factors of ((-6)/b)/(2/(-30))?
3
Suppose -2*p - 3*r + 14 = -7*r, -r - 20 = -2*p. Let d = -2 + 0. What are the prime factors of p - (d - 0)/(-2)?
2, 5
Suppose m = x + 7, 2*x + 16 = 5*m - 19. Suppose -2*s - r = m - 22, -3*s - r = -21. What are the prime factors of s?
2, 3
Suppose -2*p + 8 = 5*z, -12 - 4 = -4*p + 3*z. Suppose -28 = -p*v + 16. Let w = v + -8. What are the prime factors of w?
3
Let d(i) = 2*i**3 + 15*i**2 + 4*i + 9. What are the prime factors of d(-7)?
2, 3, 5
List the prime factors of (15*-2)/((-12)/8).
2, 5
Let q be 0/(1/(-2)*-4). Let d = q - -5. Suppose 2*b = 2*u - 16, -u - 4*b - d - 2 = 0. What are the prime factors of u?
5
Suppose 3*c = 1068 - 276. What are the prime factors of c?
2, 3, 11
Suppose 4*y - 119 = 113. Let x = -26 - 15. Let s = x + y. What are the prime factors of s?
17
Suppose 11*p - 14*p = -39. What are the prime factors of p?
13
Suppose 0*w - 20 = 4*w. Let h = 22 + w. What are the prime factors of h?
17
Let v(h) = h**2 + 4*h - 2. Let j be v(-4). Let u(x) = 10*x**2 - 2*x + 1. List the prime factors of u(j).
3, 5
Suppose 3 = 2*y + y. Let x(k) = 9*k**2 + 2*k - 1. List the prime factors of x(y).
2, 5
Suppose 2*c + 20 = 6*c. List the prime factors of (-324)/(-30) + 1/c.
11
List the prime factors of 6*(-44)/(-6) - -4.
2, 3
Suppose 5*v = 2*t - 10, -3*v + 0*t - 4*t = -20. Let q(a) = 11 + 3*a - a**3 + a**2 - 3*a. What are the prime factors of q(v)?
11
Suppose 6*k = 2*k. Suppose -3*o = 5*g - 25, k*g = -5*o - 3*g + 31. Suppose 4*c - 103 = -o*a, -3*c = -5*a - 5*c + 99. What are the prime factors of a?
19
Let t(v) = 4*v - 3. Let w be t(4). Let d = w - 2. What are the prime factors of d?
11
Let v(o) be the third derivative of -o**6/120 - 2*o**5/15 + o**4/3 + 3*o**3/2 - o**2. What are the prime factors of v(-9)?
2, 3
Let v(c) = c**3 - 5*c**2 - 7*c + 3. Let p be v(6). Let a(k) = -k**3 - 9*k**2 + 9*k - 11. Let o be a(-10). Let s = o - p. List the prime factors of s.
2
Let p(a) = -2*a + 1. Let c be p(-2). Let l be 6/(-10) - 7/5. Let r = c + l. What are the prime factors of r?
3
Let t = -1 - 1. Let q be -2 + (0 - t) - 16. What are the prime factors of -2 - ((q - -2) + 2)?
2, 5
Suppose 2*a = -5 - 27. Let g(u) = -u**3 - 15*u**2 + 17*u + 20. What are the prime factors of g(a)?
2
Suppose 0 = 3*b - 4*r - 539, 5*b + 62 = -r + 991. List the prime factors of b.
5, 37
What are the prime factors of (-2)/12 - (-2342)/12?
3, 5, 13
Suppose -b + 5*z - 67 = 137, -4*z = 2*b + 352. Let c be (2/4)/((-4)/b). Suppose 3*k - 13 - c = 0. List the prime factors of k.
2, 3
Suppose 0*y - y + 10 = 0. Let s(a) = -1 + a - y*a**2 - 6*a - 5*a + a**3. What are the prime factors of s(11)?
2, 5
Suppose 2*r - 4*h = 5 + 5, 4*h = -4. Let b be 25/r*(1 + -4). List the prime factors of 12/(-15)*b/2.
2, 5
Suppose 10 - 1 = -b. Let i(a) = -a**3 - 10*a**2 - 11*a - 8. List the prime factors of i(b).
2, 5
Let w = 8 - 13. Let v(b) = b - b - b + 3. List the prime factors of v(w).
2
Let b = 620 - 407. List the prime factors of b.
3, 71
Let q = 11 - 9. Let c be q*(81/6 + -3). What are the prime factors of (-6)/c - (-195)/21?
3
Let u be (-8)/5*(-10)/4. Suppose -u*s + 9 = -3*s. What are the prime factors of s?
3
Suppose -5*o + 3*l = -63, 0 = o + 5*l - 14 - 21. Let g = o + -1. List the prime factors of g.
2, 7
Let m(n) = 11*n**2. Let i be m(1). Let u = i - 9. Suppose q = -u, 0*a + 4*q = -a - 2. List the prime factors of a.
2, 3
Let r = 120 + -109. List the prime factors of r.
11
Let d = -16 - -34. Let l = d - 16. What are the prime factors of l?
2
Let h be (-1)/(-5) + (-2)/10. Let s be 47 - (0 - (h - -2)). Suppose -s = -5*u - 0*z - 3*z, -2*u - 3*z = -25. List the prime factors of u.
2
Suppose 0 = w + w + 10, -4*m = -4*w + 16. Let d = 32 + m. What are the prime factors of d?
23
Suppose -r - 20 = -5*f, 2*r + 10 = -2*f - 3*f. Let a = 7 + r. List the prime factors of (a/4 - 1)*-4.
7
Suppose -5*y = 5*a - 480, 6*a - 4*a + 5*y - 180 = 0. What are the prime factors of a?
2, 5
Suppose -4*c + 9 = 2*t + 121, 5*c - 220 = 5*t. Let j = t - -72. What are the prime factors of j?
2, 3
Let l(m) = -m**3 - 7*m**2 - m + 6. Let f be l(-6). Let d = -14 - f. Suppose -65 = -5*k - d. List the prime factors of k.
11
Let v(t) = 114*t**3 - t**2 + 3*t - 2. What are the prime factors of v(1)?
2, 3, 19
List the prime factors of (-16)/(-8) - -47*1.
7
Suppose 3*v = -0*v + 48. Suppose -3*a = 5*s - v - 36, 5*a - 2*s - 35 = 0. What are the prime factors of a?
3
Suppose -2*m - 34 = -4*m. Suppose -134 = -3*s - m. What are the prime factors of s?
3, 13
Let o(u) = u**3 - 8*u**2 + 12*u - 8. What are the prime factors of o(8)?
2, 11
Let m(a) = -a**3 - 2*a**2 + a + 3. Let x be m(-3). Suppose -x = -l - 2*l. What are the prime factors of l?
3
Let a be (-3)/18 + (-7)/(-6). Let u = a + 3. List the prime factors of u.
2
Let w(d) = -d**2 + 8*d - 2. What are the prime factors of w(6)?
2, 5
Suppose b = -m + 5*b - 5, b = m - 10. Suppose -5*y + 10 = -4*v, y + 9 = 2*v + v. Suppose y*x - m = x. List the prime factors of x.
3
Suppose 0 = z + 3*z - 16. Let i(g) = g**3 - 3*g**2 + 5*g - 6. Let d be i(z). Suppose 3*s - k - d = k, -s + 5*k - 3 = 0. List the prime factors of s.
2, 3
Suppose 4*n - 5*n = -8. Let j = n - -21. What are the prime factors of j?
29
What are the prime factors of ((-2)/4)/(2/(-108))?
3
Let y(f) = 9*f**2 + f - 2. Let u be y(3). Suppose -u = -3*s + 5. What are the prime factors of s?
29
Let q be 5/4 - (-15)/20. Suppose 2*s + 20 = 5*h, h - 2 - 2 = -q*s. List the prim